greatest common factor of 356 and 7725556.
356
What is the highest common divisor of 149203 and 26534069?
4813
What is the highest common divisor of 116 and 4808519?
29
Calculate the greatest common factor of 10818 and 25512.
6
What is the highest common divisor of 18575 and 2450350?
25
What is the highest common factor of 936951 and 7992?
111
Calculate the highest common factor of 89607 and 4880946.
5271
Calculate the highest common divisor of 1184 and 153152.
32
What is the greatest common factor of 5745923 and 6802?
19
Calculate the highest common divisor of 12803921 and 13.
13
Calculate the greatest common factor of 605898 and 1312.
82
What is the greatest common factor of 182443521 and 322?
23
What is the highest common factor of 45 and 7002645?
15
Calculate the highest common divisor of 709390 and 1375.
55
Calculate the greatest common divisor of 290160 and 38781.
279
Calculate the greatest common divisor of 30239356 and 322.
14
Calculate the greatest common factor of 2380 and 578816.
476
What is the greatest common divisor of 72 and 9208575?
9
What is the greatest common divisor of 2097 and 42705?
9
Calculate the greatest common factor of 279032088 and 60.
12
What is the highest common factor of 28051122 and 46?
46
What is the greatest common divisor of 455972 and 58996?
172
Calculate the greatest common factor of 30431592 and 144.
72
What is the highest common divisor of 10081548 and 409932?
6948
Calculate the highest common divisor of 154918450 and 21250.
850
What is the greatest common factor of 35684183 and 1165?
233
What is the greatest common divisor of 2305071 and 1475?
59
What is the highest common factor of 13634335 and 165?
55
Calculate the highest common divisor of 1164 and 975965112.
1164
Calculate the highest common divisor of 2165920 and 780.
20
What is the highest common factor of 7587 and 2827141?
281
What is the highest common divisor of 892 and 79644896?
892
Calculate the highest common divisor of 61418 and 64274.
14
What is the highest common divisor of 2828267 and 39?
13
Calculate the greatest common divisor of 3879005013 and 117.
117
What is the greatest common factor of 1917 and 886302?
27
What is the highest common factor of 35409910 and 50?
10
Calculate the greatest common factor of 3816 and 295224.
24
Calculate the greatest common factor of 34166650 and 2350.
2350
Calculate the greatest common factor of 8376284 and 531209.
2051
Calculate the highest common divisor of 311993 and 333689.
113
Calculate the greatest common divisor of 56 and 5076904.
56
Calculate the highest common divisor of 18390 and 1860105590.
6130
Calculate the greatest common divisor of 8619 and 3289.
13
Calculate the highest common factor of 92232 and 17052.
84
What is the highest common divisor of 27190565 and 1734?
289
What is the highest common divisor of 13072094 and 1491?
497
Calculate the highest common factor of 320608197 and 13.
13
Calculate the greatest common divisor of 22275 and 2963400.
825
What is the highest common factor of 8487674 and 78?
26
What is the highest common factor of 115592928 and 510?
102
Calculate the greatest common factor of 15 and 136103795.
5
Calculate the greatest common divisor of 11296 and 121079.
353
What is the highest common divisor of 366 and 99625566?
366
Calculate the highest common factor of 392 and 3081.
1
What is the greatest common factor of 125528 and 66385?
1207
Calculate the greatest common divisor of 1859413 and 35657.
181
What is the highest common factor of 28769211 and 1577?
1577
Calculate the highest common factor of 41624 and 716896.
344
Calculate the greatest common factor of 1754 and 6970396.
1754
What is the highest common factor of 4165413 and 110922?
2919
What is the highest common divisor of 8037946 and 1246?
1246
What is the highest common divisor of 278228048 and 112?
112
Calculate the highest common divisor of 1165 and 11795.
5
Calculate the greatest common factor of 695728 and 35046.
1298
Calculate the greatest common divisor of 2334 and 4461441.
1167
What is the highest common factor of 1663472 and 426?
2
What is the highest common divisor of 593237 and 17347?
19
Calculate the highest common divisor of 981 and 2685969.
9
Calculate the highest common factor of 50426 and 4497203.
1327
Calculate the greatest common divisor of 23620245 and 575751.
2409
What is the greatest common factor of 23673088 and 942?
314
What is the greatest common divisor of 4077 and 17191803?
453
Calculate the highest common factor of 2984129 and 1479.
493
Calculate the greatest common divisor of 35035 and 71357.
143
Calculate the greatest common factor of 13667608 and 3858.
1286
Calculate the greatest common divisor of 720 and 150256.
16
Calculate the highest common factor of 459834 and 5090070.
2658
What is the greatest common factor of 112839968 and 11024?
848
What is the greatest common divisor of 306 and 14927938?
34
Calculate the greatest common divisor of 6 and 11716260.
6
Calculate the greatest common divisor of 851355 and 59625.
45
Calculate the highest common factor of 217 and 646037.
7
Calculate the greatest common factor of 4131 and 2219076.
243
Calculate the highest common divisor of 24 and 4054954476.
12
What is the highest common factor of 12435204 and 108?
12
Calculate the highest common factor of 9484055 and 4165.
35
What is the highest common factor of 369 and 3554167?
41
Calculate the greatest common divisor of 16051 and 2485.
7
Calculate the highest common factor of 163215160 and 32600.
6520
What is the highest common divisor of 172860 and 567892?
268
What is the highest common factor of 131315352 and 27573?
2121
Calculate the greatest common divisor of 258 and 87578229.
129
What is the greatest common divisor of 26046 and 699912?
18
Calculate the highest common factor of 87167745 and 5180.
1295
Calculate the greatest common divisor of 1770356 and 79226.
14
What is the highest common factor of 1472 and 30145088?
1472
Calculate the highest common divisor of 864809 and 2508.
11
What is the highest common divisor of 543488 and 144?
16
Calculate the highest common divisor of 115509199 and 39.
13
Calculate the highest common divisor of 40 and 20665520.
40
Calculate the highest common divisor of 226217172 and 1476.
492
What is the highest common divisor of 1907689 and 23?
23
Calculate the greatest common divisor of 225 and 819027.
9
What is the greatest common divisor of 685 and 458212255?
685
Calculate the greatest common divisor of 772764 and 2272.
284
What is the highest common factor of 5820752 and 8?
8
Calculate the highest common factor of 20597192 and 728.
56
What is the greatest common factor of 460917882 and 18?
18
What is the highest common divisor of 102870827 and 677?
677
Calculate the highest common divisor of 13278948 and 1111188.
5028
Calculate the highest common factor of 457936 and 3124.
4
What is the highest common divisor of 424857 and 291?
3
What is the greatest common divisor of 14882 and 2041074?
14
Calculate the greatest common divisor of 264 and 26458032.
24
Calculate the greatest common factor of 4077648 and 336.
48
Calculate the highest common divisor of 2547337 and 39.
13
Calculate the greatest common factor of 9475038 and 36.
18
What is the highest common divisor of 36 and 5135660352?
36
Calculate the highest common divisor of 416 and 1457614496.
416
Calculate the greatest common divisor of 9295824 and 176.
16
Calculate the greatest common factor of 256 and 13948464.
16
Calculate the highest common factor of 319 and 12632719.
319
What is the greatest common divisor of 2112 and 44116248?
264
Calculate the greatest common factor of 24 and 3845104404.
12
What is the greatest common factor of 133 and 2439790?
19
Calculate the highest common divisor of 2383888 and 196976.
208
Calculate the greatest common factor of 1395 and 155511.
9
What is the highest common divisor of 17600 and 462?
22
Calculate the greatest common factor of 1672 and 92694008.
1672
What is the highest common divisor of 1698014985 and 177?
177
What is the greatest common divisor of 3338726 and 92?
46
Calculate the highest common divisor of 6258 and 1379.
7
Calculate the highest common divisor of 271955 and 936310.
545
Calculate the greatest common divisor of 141957690 and 420.
210
Calculate the hi